 ((-2088)/21)/((-20)/(-140)). Let f be (-13)/(78/j)*(-18)/(-4). What is the highest common divisor of f and 58?
58
Suppose -50*h + 252080 - 45930 = 0. Calculate the greatest common divisor of h and 532.
133
Let c be 20 - (108/6 + -12). Suppose -23 = -5*z - 3. Calculate the highest common factor of c and z.
2
Let u = -19 + 31. Let k be (3/(-6))/((-2)/u). Let h be 8/8 + 8 - (-6)/2. Calculate the highest common divisor of k and h.
3
Let x = -834 - -1234. Let r = 403 - x. Calculate the greatest common factor of r and 13.
1
Suppose 0 = -5*d + 197 + 83. Let x(z) = z**3 - 7*z**2 + 4*z + 7. Let c be x(7). Let p = 42 - c. What is the greatest common factor of d and p?
7
Let r(o) = o**3 - 4*o**2 + 10*o + 2. Let m be r(4). Let a be 4 + (0 + 0 - -2). What is the greatest common factor of m and a?
6
Let x(r) = 2*r**2 - 36*r - 97. Let j be x(-3). Suppose 3*c + t - j = -t, t + 8 = c. Calculate the highest common factor of c and 15.
3
Let j(x) = -50*x**2 + 763*x + 25. Let l be j(15). Let b be (2 + (-38)/(-1))/1. Calculate the greatest common divisor of l and b.
20
Let j = 13385 + -13274. What is the highest common factor of 4736 and j?
37
Let u(y) = 16*y - 740. Let t be u(48). Let i be (-57)/(-4) + (-3)/12. Calculate the greatest common divisor of i and t.
14
Let v be ((-98)/21)/7*-138. Suppose b - 6 = -0*b. Suppose 5*c + 230 = b*c. What is the greatest common factor of v and c?
46
Let v be (((-828)/90)/23)/((-1)/75). Suppose 4*y - 1738 = 2*g, -y = 2*g - 357 - 80. What is the greatest common divisor of y and v?
15
Suppose -44*x + 117 = -42*x + 5*w, 3*x - 109 = 2*w. What is the highest common divisor of x and 5740?
41
Let z be 35*(-7 + 204/28). Let k(i) = 5*i**3 - i**2 + i - 1. Let h be k(1). Let b be 83/h - (-3)/(-4). What is the highest common divisor of z and b?
10
Suppose -87*v + 132*v - 13950 = 0. What is the highest common factor of v and 434?
62
Let f = 8608 - 8376. Calculate the greatest common divisor of f and 3016.
232
Let k(a) = -43*a + 97. Suppose 14 + 26 = -4*c. Let i be k(c). What is the greatest common divisor of 17 and i?
17
Let j = 15910 + -15694. What is the greatest common factor of 4266 and j?
54
Let k = 7554 - 6996. What is the highest common factor of 126 and k?
18
Let f(v) = -6*v**2 - 37*v - 2. Let u be f(-6). Suppose g - d - 59 = 0, 5*g - 306 = u*d - 10. What is the greatest common divisor of 140 and g?
20
Let d be ((-158)/(-6))/((-27)/(-243)). Let z = d - 232. Let k(o) = 4*o**2 + 4*o + 2. Let c be k(-2). Calculate the greatest common divisor of z and c.
5
Suppose 0 = 2*i - 8, -5*m + 6*i = 4*i + 1138. Suppose 7*c = 4*c - 354. Let u = c - m. Calculate the greatest common factor of 27 and u.
27
Suppose -5*a - 3*t - 309 = 0, 0*a = -3*a + 5*t - 165. Let x be (6 - -11)/(a/(-28) - 2). Calculate the highest common factor of x and 17.
17
Let n(r) = 95*r + 8. Let i = -49 + 103. Let h be (-4)/(12/(-5))*i/45. Let d be n(h). What is the highest common divisor of 22 and d?
22
Let q be 10/(-6) + 1 - (-8)/3. Suppose -c = q*c - 117. Calculate the highest common divisor of 13 and c.
13
Let k be (2/5 - (-46)/10)*1. Suppose 0 = -5*x + 4 + 11, 0 = k*n + 3*x + 61. Let d = 41 + n. Calculate the greatest common factor of d and 135.
27
Suppose 0 = 29*y - 31*y + 8. Let w be (0 - 4/(-6))/(y/6). Calculate the greatest common divisor of 7 and w.
1
Suppose -75*f = -4306 - 4469. Calculate the greatest common divisor of f and 369.
9
Suppose 4*r - 17*v + 19*v = 84, -4*v - 108 = -4*r. What is the greatest common factor of r and 115?
23
Suppose -47*u - 120 = -4*f - 51*u, u + 24 = f. Calculate the greatest common divisor of f and 1206.
9
Let t be (-75)/(-4) - 18/24. Suppose -3*v - 20 = -41. Suppose -9*n + v*n + 2*i + 46 = 0, -i - 59 = -3*n. What is the highest common divisor of t and n?
18
Let t = 64 + -34. Let d = 2563 - 2543. Calculate the highest common divisor of d and t.
10
Let i(t) be the third derivative of t**5/20 - 3*t**4/8 - 10*t**3/3 - 3*t**2 + 3. Let m be i(5). Calculate the highest common divisor of 8 and m.
2
Suppose 18 = 3*j, -4*a - 15*j + 18*j = -862. Suppose 3*k - 2*g - 8 = 56, -3*g - 6 = 0. What is the greatest common divisor of a and k?
20
Let s(l) = -l**3 + 14*l**2 + 2*l + 10. Let k be s(12). Let u = k + -234. Suppose -4*i + 25 = -7. What is the highest common factor of i and u?
8
Let l(q) = -5*q**2 + 58*q - 133. Let d be l(7). What is the greatest common factor of d and 12?
4
Suppose 5*l = 33 + 12. Suppose l*t = -5 + 14. Suppose -t = -4*s + 3. Calculate the greatest common factor of s and 2.
1
Let j be ((-21)/6 + 2)*(26 - (14 - -18)). Calculate the greatest common divisor of j and 5913.
9
Let j be 213400/308 - (66/(-21) + 3). Calculate the highest common factor of j and 12243.
231
Suppose -4*l = 3*j + 259, 4*l + 260 = 2*j - 6*j. Let o = l + 65. Calculate the greatest common factor of o and 9.
1
Let r(i) = 32*i - 39. Let w be r(7). Let x be (-9)/(w/40 + -5). What is the highest common divisor of x and 16?
8
Suppose g = 4 - 1. Suppose -70 = -g*r - 1. Let y = 394 - 279. What is the greatest common factor of y and r?
23
Let p = 1984 - 1970. Let s(v) be the first derivative of v**3 - 6*v**2 + 2*v + 3. Let y be s(8). What is the greatest common divisor of y and p?
14
Let j be (-250)/(-150)*1674/10. What is the greatest common divisor of j and 189?
9
Let l = -8458 - -8603. What is the greatest common factor of l and 50?
5
Let h be 6*3 - 2/2. Suppose 3*b + 11*k = 9*k - 20, 8 = -2*b - 4*k. Let f = h - b. What is the highest common factor of f and 225?
25
Suppose -26*y + 900 = -17*y. Let m be ((-560)/y)/(1/(-5)). What is the greatest common divisor of 238 and m?
14
Let m be 16/20*1165/2. Let i = m + -216. Let f = -1198 + 1223. What is the highest common factor of f and i?
25
Let i = 18 + -14. Suppose -159 - 73 = -5*n + i*y, -5*n + 3*y + 234 = 0. Suppose u - 13 = -7. What is the greatest common divisor of n and u?
6
Let m = -940 + 952. Calculate the highest common factor of 80136 and m.
12
Let p be (72/(-48))/(6/8). Let b = p + -2. Let g be (168/16)/((-1)/b). What is the greatest common divisor of 6 and g?
6
Let t = -173 + 289. Let x be ((-450)/105)/15 - (-30)/7. Calculate the highest common factor of x and t.
4
Let d(w) = -w**3 - w - 27. Let i be d(0). Let r be 26/4*i*6/(-9). What is the greatest common divisor of 13 and r?
13
Let h = -8372 + 8384. Calculate the greatest common divisor of h and 5604.
12
Let a = -455 + 1055. Suppose -2*l + 8*l - a = 0. What is the highest common factor of l and 40?
20
Suppose -129*t + 103*t = -6031 - 885. What is the greatest common divisor of 14 and t?
14
Suppose 6*r + 9174 = -60*r. Let o = r + 199. What is the highest common divisor of o and 8?
4
Let n = 6816 - 6729. What is the highest common divisor of n and 1479?
87
Let a(j) = 2*j**3 + 28*j**2 + 27*j - 226. Let z be a(-12). Suppose -2*h + 0*h = 4, -3*v + 710 = -4*h. What is the greatest common divisor of z and v?
26
Let g be ((-425)/34)/(-5) + (-117)/(-2)*1. Calculate the highest common factor of g and 13.
1
Suppose 3*z + 1 = 7. Let p(n) = -985*n + 9852. Let v be p(10). What is the greatest common divisor of z and v?
2
Let t(m) = 8*m - 3. Let u(o) = 8*o - 4. Let j(b) = -2*t(b) + 3*u(b). Let h be j(3). Let g be (10/3)/(3/81). Calculate the highest common divisor of g and h.
18
Suppose -a + 407 = j + 10, 2*j - 1976 = -5*a. Let d = 415 - a. Calculate the greatest common divisor of 63 and d.
21
Suppose 10*k + 12*k - 16105 - 17071 = 0. What is the greatest common divisor of k and 52?
52
Let k = 19106 - 19058. What is the greatest common divisor of k and 14064?
48
Suppose -23*u + 2965 = 1351 - 9196. What is the greatest common factor of 5875 and u?
235
Let i be 5395 - (7 + (-14 - -8)/(6/8)). Calculate the greatest common divisor of i and 994.
142
Suppose -p = -2*r + 2, 4*r = r + 3. Suppose p = -0*q + q - 33. Suppose -j + 5*z + q = -10, z - 193 = -4*j. Calculate the greatest common factor of 16 and j.
16
Let b be (36/(-8) + 5)/((-1)/(-36)). Suppose 4*r + 138 = b. Let t = -6 - r. Calculate the highest common factor of 24 and t.
24
Let f = 1008 + 420. Suppose -4*s + d + 341 = 0, 3*s - 346 = -s + 2*d. What is the highest common factor of f and s?
84
Suppose -346*z + 347*z - 13 = 0. What is the highest common factor of z and 27?
1
Suppose 5*z - 20 = i + 4*i, -4*z = 2*i - 10. Let